{"id":1511,"date":"2023-11-28T14:40:27","date_gmt":"2023-11-28T14:40:27","guid":{"rendered":"https:\/\/jrqseguros.com.br\/sulamerica-seguros\/saude\/sjsp-sindicato-dos-jornalistas-profissionais-no-estado-sao-paulo\/"},"modified":"2023-11-28T14:40:27","modified_gmt":"2023-11-28T14:40:27","slug":"sjsp-sindicato-dos-jornalistas-profissionais-no-estado-sao-paulo","status":"publish","type":"page","link":"https:\/\/jrqseguros.com.br\/sulamerica-seguros\/saude\/sjsp-sindicato-dos-jornalistas-profissionais-no-estado-sao-paulo\/","title":{"rendered":"SJSP \u2013 Sindicato dos Jornalistas Profissionais no Estado S\u00e3o Paulo"},"content":{"rendered":"  <div id=\"page-header-714099317\" class=\"page-header-wrapper\">\n  <div class=\"page-title dark featured-title\">\n\n        <div class=\"page-title-bg\">\n      <div class=\"title-bg fill bg-fill\"\n        data-parallax-container=\".page-title\"\n        data-parallax-background\n        data-parallax=\"-\">\n      <\/div>\n      <div class=\"title-overlay fill\"><\/div>\n    <\/div>\n    \n    <div class=\"page-title-inner container align-bottom flex-row medium-flex-wrap\" >\n              <div class=\"title-wrapper flex-col text-left medium-text-center\">\n          <h1 class=\"entry-title mb-0\">\n            SJSP \u2013 Sindicato dos Jornalistas Profissionais no Estado S\u00e3o Paulo          <\/h1>\n        <\/div>\n                <div class=\"page-title-sub op-7 flex-col ml medium-text-center\">\n          <p class=\"lead\">SulAm\u00e9rica Sa\u00fade<\/p>\n        <\/div>\n                    <div class=\"title-content flex-col flex-right text-right medium-text-center\">\n        <div class=\"title-breadcrumbs pb-half pt-half\"><\/div>      <\/div>\n    <\/div>\n\n     \n<style>\n#page-header-714099317 .page-title-inner {\n  min-height: 102px;\n}\n#page-header-714099317 {\n  margin-bottom: 20px;\n}\n#page-header-714099317 .title-bg {\n  background-image: url(https:\/\/jrqseguros.com.br\/sulamerica-seguros\/saude\/wp-content\/uploads\/2023\/11\/faixasulamerica.png);\n  background-position: 29% 34%;\n}\n<\/style>\n  <\/div>\n    <\/div>\n  \n\n<div class=\"row\"  id=\"row-1453315565\">\n\n\n\t<div id=\"col-364125004\" class=\"col medium-6 small-12 large-6\"  >\n\t\t<div class=\"col-inner\"  >\n\t\t\t\n\t\t\t\n\n<p>O seguro sa\u00fade coletivo por ades\u00e3o \u00e9 oferecido pela SulAm\u00e9rica para ser comercializado por Administradoras de Benef\u00edcios \u00e0 entidades de car\u00e1ter profissional, classista ou setorial. Voc\u00ea que \u00e9 associado \u00e0 SJSP \u2013 Sindicato dos Jornalistas Profissionais no Estado S\u00e3o Paulo pode contratar seu plano com algumas das melhores condi\u00e7\u00f5es do mercado!<\/p>\n<p>Al\u00e9m da rede referenciada nacional, o Plano de Sa\u00fade SulAm\u00e9rica SJSP \u2013 Sindicato dos Jornalistas Profissionais no Estado S\u00e3o Paulo oferece vantagens, benef\u00edcios, descontos e programas especiais para proporcionar a tranquilidade que voc\u00ea necessita. S\u00e3o diversos planos para sua escolha, os quais se diferenciam por rede e valores de reembolso.<\/p>\n<h3>Coberturas do Plano<\/h3>\n<ul>\n<li>Ambulatorial e Hospitalar com Obstetr\u00edcia: cobertura para consultas, exames, cirurgias, interna\u00e7\u00f5es hospitalares e partos;<\/li>\n<li>Hospitalar com Obstetr\u00edcia: coberturas para interna\u00e7\u00f5es hospitalares e partos. Consultas e exames s\u00e3o cobertos exclusivamente para gestantes, em acompanhamento pr\u00e9-natal.<\/li>\n<\/ul>\n\n\t\t<\/div>\n\t\t\t<\/div>\n\n\t\n\n\t<div id=\"col-665633316\" class=\"col medium-6 small-12 large-6\"  >\n\t\t<div class=\"col-inner\"  >\n\t\t\t\n\t\t\t\n\n\t<div id=\"text-3546088939\" class=\"text show-for-small\">\n\t\t\n\n<!-- only for mobile --><p><iframe src=\"https:\/\/jrqseguros.com.br\/form-sulamerica-saude\/\" width=\"100%\" frameborder=\"0\" scrolling=\"no\" height=700px><\/iframe><\/p><!-- only for mobile -->\n\t\t\t<\/div>\n\t\n\t<div id=\"text-825523199\" class=\"text hide-for-small\">\n\t\t\n\n<!-- hide for mobile --><p><iframe src=\"https:\/\/jrqseguros.com.br\/form-sulamerica-saude\/\" width=\"100%\" frameborder=\"0\" scrolling=\"no\" height=540px><\/iframe><\/p><!-- hide for mobile -->\n\t\t\t<\/div>\n\t\n\n\t\t<\/div>\n\t\t\t<\/div>\n\n\t\n\n<\/div>\n<div class=\"row\"  id=\"row-1626871969\">\n\n\n\t<div id=\"col-788453371\" class=\"col small-12 large-12\"  >\n\t\t<div class=\"col-inner\"  >\n\t\t\t\n\t\t\t\n\n<div class=\"container section-title-container\" ><h3 class=\"section-title section-title-normal\"><b><\/b><span class=\"section-title-main\" >Caracter\u00edsticas dos planos<\/span><b><\/b><\/h3><\/div>\n\n<div class=\"accordion\" rel=\"\">\n\n<div class=\"accordion-item\"><a href=\"#\" class=\"accordion-title plain\"><button class=\"toggle\"><i class=\"icon-angle-down\"><\/i><\/button><span>Diferenciais de Coberturas<\/span><\/a><div class=\"accordion-inner\">\n\n<ul class=\"info\">\n<li>\u00a0<strong>Para todos os planos:<br \/><\/strong>S\u00e3o contempladas as coberturas previstas no Rol de Procedimentos e Eventos em Sa\u00fade da Ag\u00eancia Nacional de Sa\u00fade Suplementar - ANS vigente \u00e0 \u00e9poca do evento e mais:<br \/>- Orienta\u00e7\u00e3o M\u00e9dica Telef\u00f4nica;<br \/>- M\u00e9dico na Tela<br \/><strong>Para os planos: Exato, Cl\u00e1ssico, Especial e Executivo:<br \/><\/strong>- Transplantes de \u00f3rg\u00e3os: transplante de cora\u00e7\u00e3o, p\u00e2ncreas, p\u00e2ncreas-rim, pulm\u00e3o e f\u00edgado.<br \/>- Escleroterapia: at\u00e9 30 dias sess\u00f5es n\u00e3o cumulativas por ano de vig\u00eancia do benef\u00edcio.<br \/>-Assist\u00eancia 24 horas - Cobertura no Brasil:<br \/>- Remo\u00e7\u00e3o do benefici\u00e1rio;<br \/>- Retorno de acompanhantes;<br \/>- Acompanhante em caso de hospitaliza\u00e7\u00e3o do benefici\u00e1rio, por per\u00edodo superior a 5 (cinco) dias;<br \/>- Hospedagem do acompanhante;<br \/>- Prolongamento da estada;<br \/>- Remo\u00e7\u00e3o em caso de falecimento do benefici\u00e1rio;<br \/>- Retorno antecipado do benefici\u00e1rio ao seu domic\u00edlio;<br \/>- Recupera\u00e7\u00e3o de bagagem;<br \/>- Motorista substituto no Brasil;<br \/>- Reembolso de tarifa por passagem perdida.<br \/><strong>Para os planos: Cl\u00e1ssico, Especial e Executivo:<br \/>Reembolso no exterior<\/strong><br \/>- Ser\u00e1 garantido o reembolso das despesas m\u00e9dicas e hospitalares cobertas, realizadas no exterior, de acordo com o m\u00faltiplo e a Tabela SulAm\u00e9rica Sa\u00fade, limitado aos custos m\u00e9dios praticados pelos hospitais constantes na rede referenciada do plano.<br \/>- O reembolso das despesas m\u00e9dicas hospitalares, comprovadamente pagas, realizadas no exterior, ser\u00e1 feito em moeda corrente nacional. Para a convers\u00e3o ser\u00e1 utilizada a taxa de c\u00e2mbio oficial de venda, vigente na data da quita\u00e7\u00e3o do atendimento realizado.<br \/><strong>Para os planos Executivo<\/strong><br \/>Assist\u00eancia 24 horas - Cobertura no exterior<br \/>- Todos os servi\u00e7os prestados no Brasil ser\u00e3o tamb\u00e9m prestados no exterior, exceto motorista substituto.<br \/>- Ficam acrescidos para atendimento no exterior os servi\u00e7os a seguir: retorno do exterior de filhos menores de 14 (quatorze) anos; adiantamento para despesas m\u00e9dicas e hospitalares no exterior; adiantamento para presta\u00e7\u00e3o de fian\u00e7a ou cau\u00e7\u00e3o penal; orienta\u00e7\u00e3o em caso de perda de documentos.<\/li>\n<\/ul>\n\t<div id=\"text-2200495873\" class=\"text\">\n\t\t\n\n<p>\u00b9 Inclusive Acidente Pessoal sem restri\u00e7\u00f5es. Respeitando as regras do contrato.<br \/>\u00b2 partir do in\u00edcio de vig\u00eancia do segurado e respeitadas as car\u00eancias e cobertura Parcial tempor\u00e1ria para doen\u00e7as e les\u00f5es preexistentes estabelecidas nas Condi\u00e7\u00f5es Gerais.<\/p>\n\t\t\n<style>\n#text-2200495873 {\n  font-size: 0.75rem;\n}\n<\/style>\n\t<\/div>\n\t\n\n<\/div><\/div>\n<div class=\"accordion-item\"><a href=\"#\" class=\"accordion-title plain\"><button class=\"toggle\"><i class=\"icon-angle-down\"><\/i><\/button><span>Planos<\/span><\/a><div class=\"accordion-inner\">\n\n<p>S\u00e3o diversos planos feitos sob medida para atender \u00e0s necessidades da empresa, que se diferenciam pelas op\u00e7\u00f5es de reembolso, rede referenciada, padr\u00e3o de acomoda\u00e7\u00e3o hospitalar e benef\u00edcios. Todos os planos do quadro abaixo possuem abrang\u00eancia nacional, s\u00e3o eles:<\/p>\n<p><img decoding=\"async\" src=\"https:\/\/jrqseguros.com.br\/sulamerica-seguros\/saude\/wp-content\/uploads\/2022\/04\/planos-sulamerica.png\" width=\"100%\" \/><\/p>\n<p>(1) Dever\u00e1 ser considerado para comercializa\u00e7\u00e3o o munic\u00edpio constante no cadastro do CNPJ da empresa.<br \/>(2) Exceto AC, TO, RR e ES.<\/p>\n\n<\/div><\/div>\n<div class=\"accordion-item\"><a href=\"#\" class=\"accordion-title plain\"><button class=\"toggle\"><i class=\"icon-angle-down\"><\/i><\/button><span>Coberturas adicionais \u00e0 Lei 9.656\/98<\/span><\/a><div class=\"accordion-inner\">\n\n<p><img decoding=\"async\" src=\"https:\/\/jrqseguros.com.br\/sulamerica-seguros\/saude\/wp-content\/uploads\/2022\/04\/coberturas-sulamerica-saude.png\" width=100%><\/p>\n<p>\u00b9 Benef\u00edcios sujeitos aos limites e crit\u00e9rios do plano contratado. A \u00e1rea de abrang\u00eancia poder\u00e1 ser alterada sem aviso pr\u00e9vio.<\/p>\n\n<\/div><\/div>\n<div class=\"accordion-item\"><a href=\"#\" class=\"accordion-title plain\"><button class=\"toggle\"><i class=\"icon-angle-down\"><\/i><\/button><span>Coparticipa\u00e7\u00e3o<\/span><\/a><div class=\"accordion-inner\">\n\n<table>\n<tbody>\n<tr>\n<td class=\"bgGray\">Procedimentos<\/td>\n<td class=\"bgGray\">Coparticipa\u00e7\u00e3o<\/td>\n<td class=\"bgGray\">Direto<\/td>\n<td class=\"bgGray\">Exato Ades\u00e3o<\/td>\n<td class=\"bgGray\">Cl\u00e1ssico Ades\u00e3o<\/td>\n<td class=\"bgGray\">Especial Ades\u00e3o<\/td>\n<td class=\"bgGray\">Executivo Ades\u00e3o<\/td>\n<\/tr>\n<tr>\n<td>Consultas m\u00e9dicas<\/td>\n<td>30% do valor do evento<\/td>\n<td>R$ 30,00<\/td>\n<td>R$ 40,00<\/td>\n<td>R$ 40,00<\/td>\n<td>R$ 75,00<\/td>\n<td>R$ 150,00<\/td>\n<\/tr>\n<tr>\n<td>Atendimento em pronto socorro<\/td>\n<td>30% do valor do evento<\/td>\n<td>R$ 90,00<\/td>\n<td>R$ 125,00<\/td>\n<td>R$ 125,00<\/td>\n<td>R$ 140,00<\/td>\n<td>R$ 320,00<\/td>\n<\/tr>\n<tr>\n<td>Exames Complementares A\u00b9<\/td>\n<td>30% do valor do evento<\/td>\n<td>R$ 50,00<\/td>\n<td>R$ 60,00<\/td>\n<td>R$ 60,00<\/td>\n<td>R$ 70,00<\/td>\n<td>R$ 80,00<\/td>\n<\/tr>\n<tr>\n<td>Exames Complementares B\u00b9<\/td>\n<td>30% do valor do evento<\/td>\n<td>R$ 120,00<\/td>\n<td>R$ 150,00<\/td>\n<td>R$ 150,00<\/td>\n<td>R$ 170,00<\/td>\n<td>R$ 200,00<\/td>\n<\/tr>\n<tr>\n<td>Procedimentos ambulatoriais\u00b2<\/td>\n<td>30% do valor do evento<\/td>\n<td>R$ 150,00<\/td>\n<td>R$ 160,00<\/td>\n<td>R$ 160,00<\/td>\n<td>R$ 200,00<\/td>\n<td>R$ 250,00<\/td>\n<\/tr>\n<tr>\n<td>Terapias\u00b3<\/td>\n<td>30% do valor do evento<\/td>\n<td>R$ 50,00<\/td>\n<td>R$ 60,00<\/td>\n<td>R$ 60,00<\/td>\n<td>R$ 70,00<\/td>\n<td>R$ 90,00<\/td>\n<\/tr>\n<tr>\n<td>Interna\u00e7\u00f5es, exceto psiqui\u00e1tricas\u2074<\/td>\n<td>\/\/\/<\/td>\n<td>R$ 270,00<\/td>\n<td>R$ 320,00<\/td>\n<td>R$ 320,00<\/td>\n<td>R$ 500,00<\/td>\n<td>R$ 570,00<\/td>\n<\/tr>\n<\/tbody>\n<\/table>\n<p>Os valores em reais relativos \u00e0 coparticipa\u00e7\u00e3o e limitador poder\u00e3o ser reajustados anualmente.<\/p>\n<p>\u00b9A rela\u00e7\u00e3o detalhada dos Exames Complementares A e B estar\u00e1 dispon\u00edvel no site da Operadora\u00a0<a href=\"https:\/\/sulamerica.com.br\/saude\/Tabela_de_Coparticipacao_Adesao_I.pdf\">https:\/\/sulamerica.com.br\/saude\/Tabela_de_Coparticipacao_Adesao_I.pdf<\/a>.<\/p>\n<p>\u00b2Inclusive todos os insumos decorrentes do atendimento ambulatorial.<\/p>\n<p>\u00b3Nutri\u00e7\u00e3o, Psicoterapia, Terapia ocupacional, Fisioterapia, Fonoaudiologia e Acupuntura.<\/p>\n<p>\u2074Os valores de coparticipa\u00e7\u00e3o para interna\u00e7\u00e3o ser\u00e3o cobrados por evento, independente da quantidade de dias que o segurado fique internado.<\/p>\n\n<\/div><\/div>\n<div class=\"accordion-item\"><a href=\"#\" class=\"accordion-title plain\"><button class=\"toggle\"><i class=\"icon-angle-down\"><\/i><\/button><span>SulAm\u00e9rica Sa\u00fade Ativa<\/span><\/a><div class=\"accordion-inner\">\n\n<p>A SulAm\u00e9rica tem o compromisso de apoiar as pessoas na busca por uma vida saud\u00e1vel e ajud\u00e1-las a ter uma atitude de mudan\u00e7a, adotando h\u00e1bitos para viverem cada vez mais e melhor. Com o SulAm\u00e9rica Sa\u00fade PME, a empresa\u00a0 onta com um programa de sa\u00fade completo com iniciativas voltadas para a sa\u00fade e o\u00a0 bem-estar dos colaboradores. Confira:<\/p>\n<p>\u2022 Aten\u00e7\u00e3o no Alto Risco<br \/>\u2022 Coluna Ativa<br \/>\u2022 Coluna In Company<br \/>\u2022 Doen\u00e7as Cr\u00f4nicas<br \/>\u2022 Envelhecimento Saud\u00e1vel<br \/>\u2022 Futura Mam\u00e3e1<br \/>\u2022 Idoso Bem Cuidado<br \/>\u2022 Oncologia<br \/>\u2022 Oncorede<br \/>\u2022 Parto Adequado<br \/>\u2022 Ortopedia<br \/>\u2022 \u00danica Mente<\/p>\n\n<\/div><\/div>\n\n<\/div>\n\n\t\t<\/div>\n\t\t\t<\/div>\n\n\t\n\n<\/div>\n<div class=\"row\"  id=\"row-104562118\">\n\n\n\t<div id=\"col-1680360371\" class=\"col small-12 large-12\"  >\n\t\t<div class=\"col-inner\"  >\n\t\t\t\n\t\t\t\n\n<div class=\"container section-title-container\" ><h3 class=\"section-title section-title-normal\"><b><\/b><span class=\"section-title-main\" >Crit\u00e9rios para Contrata\u00e7\u00e3o<\/span><b><\/b><\/h3><\/div>\n\n<div class=\"accordion\" rel=\"\">\n\n<div class=\"accordion-item\"><a href=\"#\" class=\"accordion-title plain\"><button class=\"toggle\"><i class=\"icon-angle-down\"><\/i><\/button><span>Quem pode fazer parte do seguro?<\/span><\/a><div class=\"accordion-inner\">\n\n<ul class=\"info\">\n<li class=\"hidepf\">\u00a0<strong>Titular:<\/strong> pessoas vinculadas a SJSP \u2013 Sindicato dos Jornalistas Profissionais no Estado S\u00e3o Paulo<\/li>\n<li>\u00a0<strong>Elegibilidade<\/strong> - Ser\u00e3o aceitos como titulares os benefici\u00e1rios com v\u00ednculo \u00e0 SJSP \u2013 Sindicato dos Jornalistas Profissionais no Estado S\u00e3o Paulo<\/li>\n<li>\u00a0<strong>Dependentes:<\/strong>\u00a0c\u00f4njuge ou companheiro(a) homoafetivo at\u00e9 65 anos 11 meses e 29 dias, filhos naturais, adotivos ou enteados solteiros de qualquer idade e\/ou filhos inv\u00e1lidos sem limite de idade.<\/li>\n<\/ul>\n\n<\/div><\/div>\n<div class=\"accordion-item\"><a href=\"#\" class=\"accordion-title plain\"><button class=\"toggle\"><i class=\"icon-angle-down\"><\/i><\/button><span>Documenta\u00e7\u00e3o Necess\u00e1ria<\/span><\/a><div class=\"accordion-inner\">\n\n<ul class=\"info\">\n<li>\u00a0<strong>Titular\u00a0<\/strong>- c\u00f3pia do RG, CPF, CNS-Cart\u00e3o Nacional de Sa\u00fade, comprovante de endere\u00e7o atualizado (\u00faltimos 30 dias)\u00a0e comprovante de v\u00ednculo \u00e0 entidade.<\/li>\n<li>\u00a0<strong>Titular profissional:<\/strong>\u00a0c\u00f3pia do RG e CPF ou CNH, comprovante de endere\u00e7o atualizado (emitido at\u00e9 90 dias) em nome do titular, carteira do CREA-SP ou c\u00f3pia do diploma e c\u00f3pia do comprovante de associa\u00e7\u00e3o ao SEESP (carteirinha da entidade, declara\u00e7\u00e3o original de associado emitida pela entidade ou comprovante da contribui\u00e7\u00e3o em favor da entidade);<br \/><strong>Titular estudante:<\/strong>\u00a0c\u00f3pia do RG e CPF ou CNH, comprovante de endere\u00e7o atualizado (emitido at\u00e9 90 dias) em nome do titular, declara\u00e7\u00e3o\/atestado da universidade ou da escola t\u00e9cnica ou c\u00f3pia da \u00faltima mensalidade quitada e c\u00f3pia do comprovante de associa\u00e7\u00e3o ao SEESP (carteirinha da entidade, declara\u00e7\u00e3o original de associado emitida pela entidade ou comprovante da contribui\u00e7\u00e3o em favor da entidade).<\/li>\n<li>\u00a0<strong>Comprovante de resid\u00eancia, contas aceitas para comprovar:<\/strong>\u00a0\u00c1gua, Luz, G\u00e1s, Telefone fixo, Internet e TV por assinatura em nome do titular. Em casos que o comprovante de resid\u00eancia esteja em nome de terceiro, o titular dever\u00e1 apresentar carta de pr\u00f3prio punho declarando com quem reside, em conjunto com o comprovante de resid\u00eancia e documento que comprove v\u00ednculo com o titular, sendo pais e filhos apresentar c\u00f3pia da identidade do titular, c\u00f4njuge apresentar c\u00f3pia da certid\u00e3o de casamento e companheiro(a) apresentar escritura p\u00fablica de cart\u00f3rio ou declara\u00e7\u00e3o de uni\u00e3o est\u00e1vel, com firma reconhecida e assinatura de duas testemunhas. Rec\u00e9m mudado em at\u00e9 90 dias ser\u00e1 aceito excepcionalmente a c\u00f3pia do contrato de loca\u00e7\u00e3o e declara\u00e7\u00e3o de pr\u00f3prio punho do titular com firma reconhecida em cart\u00f3rio.<\/li>\n<li>\u00a0<strong>- C\u00f4njuge:<\/strong>\u00a0c\u00f3pia do RG e CPF, CNS - Cart\u00e3o Nacional de Sa\u00fade e certid\u00e3o de casamento.<br \/><strong>- Companheiro:<\/strong>\u00a0c\u00f3pia do RG, CPF, CNS - Cart\u00e3o Nacional de Sa\u00fade, declara\u00e7\u00e3o em cart\u00f3rio de uni\u00e3o est\u00e1vel de pr\u00f3prio punho, contendo o n\u00famero do RG e o n\u00famero do CPF do(a) companheiro(a), endere\u00e7o, tempo de conv\u00edvio, n\u00famero do RG e assinatura de 2 (duas) testemunhas, firma reconhecida do titular e do(a) companheiro(a);<br \/><strong>- Filhos:<\/strong>\u00a0c\u00f3pia do RG (24 anos ou mais) ou certid\u00e3o de Nascimento (menores de 24 anos), CPF, CNS - Cart\u00e3o Nacional de Sa\u00fade.<br \/><strong>- Enteados:<\/strong>\u00a0c\u00f3pia RG ou certid\u00e3o de nascimento, CPF, CNS - Cart\u00e3o Nacional de Sa\u00fade, declara\u00e7\u00e3o de depend\u00eancia econ\u00f4mica do enteado autenticada em cart\u00f3rio contendo RG e assinatura de 02 testemunhas.\u00a0<strong>Titular casado -<\/strong>\u00a0acrescentar c\u00f3pia da certid\u00e3o de casamento.<br \/><strong>Titular com companheiro<\/strong>\u00a0- acrescentar declara\u00e7\u00e3o de Uni\u00e3o est\u00e1vel de pr\u00f3prio punho, contendo o n\u00famero do RG e CPF, endere\u00e7o tempo de conv\u00edvio com firma reconhecida do titular e do companheiro;<br \/><strong>- Filhos inv\u00e1lidos, sob tutela ou curatela do titular:<\/strong>\u00a0c\u00f3pia do RG ou certid\u00e3o de nascimento, CPF, CNS - Cart\u00e3o Nacional de Sa\u00fade, c\u00f3pia da Tutela ou Curatela expedida por \u00d3rg\u00e3o Oficial ou c\u00f3pia da certid\u00e3o de invalidez emitida pelo INSS;<br \/><strong>- Menor solteiro(a) sob guarda ou tutela do benefici\u00e1rio titular:<\/strong>\u00a0c\u00f3pia RG ou certid\u00e3o de nascimento, CPF, CNS - Cart\u00e3o Nacional de Sa\u00fade e c\u00f3pia da Tutela ou do Termo de Guarda;<br \/><strong>ATEN\u00c7\u00c3O<\/strong>: O estipulante poder\u00e1 requisitar a qualquer momento outros documentos aqui n\u00e3o especificados, a fim de comprovar as informa\u00e7\u00f5es prestadas na proposta de ades\u00e3o.<\/li>\n<\/ul>\n\n<\/div><\/div>\n\n<\/div>\n\n\t\t<\/div>\n\t\t\t<\/div>\n\n\t\n\n<\/div>\n<div class=\"row\"  id=\"row-1522834108\">\n\n\n\t<div id=\"col-1633819900\" class=\"col small-12 large-12\"  >\n\t\t<div class=\"col-inner\"  >\n\t\t\t\n\t\t\t\n\n<div class=\"container section-title-container\" ><h3 class=\"section-title section-title-normal\"><b><\/b><span class=\"section-title-main\" >car\u00eancias<\/span><b><\/b><\/h3><\/div>\n\n<div class=\"accordion\" rel=\"\">\n\n<div class=\"accordion-item\"><a href=\"#\" class=\"accordion-title plain\"><button class=\"toggle\"><i class=\"icon-angle-down\"><\/i><\/button><span>Car\u00eancias SulAm\u00e9rica Sa\u00fade<\/span><\/a><div class=\"accordion-inner\">\n\n<table>\n<tbody>\n<tr>\n<td class=\"bgGray\">Grupos de Car\u00eancia<\/td>\n<td class=\"bgGray\">Cobertura<\/td>\n<td class=\"bgGray\">Prazos contratuais*<\/td>\n<td class=\"bgGray\">Tabela 1*<\/td>\n<td class=\"bgGray\">Tabela 2*<\/td>\n<\/tr>\n<tr>\n<td>Grupo 0<\/td>\n<td>Acidentes pessoais.<\/td>\n<td>0<\/td>\n<td>0<\/td>\n<td>0<\/td>\n<\/tr>\n<tr>\n<td>Grupo 0<\/td>\n<td>Atendimentos de urg\u00eancia e\/ou emerg\u00eancia, incluindo os decorrentes de complica\u00e7\u00f5es gestacionais.<\/td>\n<td>24 horas<\/td>\n<td>24 horas<\/td>\n<td>24 horas<\/td>\n<\/tr>\n<tr>\n<td>Grupo 1<\/td>\n<td>Consultas m\u00e9dicas, procedimentos ambulatoriais sem necessidades de anestesia ou realizados sob anestesia local, servi\u00e7os auxiliares de diagnose (exames laboratoriais, raio x simples), ultrassonografia sem doppler em regime ambulatorial, exceto os servi\u00e7os descritos nos itens subsequentes.<\/td>\n<td>15 dias<\/td>\n<td>24 horas<\/td>\n<td>24 horas<\/td>\n<\/tr>\n<tr>\n<td>Grupo 2<\/td>\n<td>Interna\u00e7\u00f5es cl\u00ednicas ou cir\u00fargicas e em hospital dia, ultrassonografias com doppler, tomografias computadorizadas, tilt tests, resson\u00e2ncia magn\u00e9tica, todos os procedimentos de radiologia intervencionistas, medicina nuclear, ecodopplercadiograma, holter card\u00edaco 24 horas, cateterismo card\u00edaco, e angioplastias, arteriografias, endoscopias e laparoscopias, oxigenoterapia hiperb\u00e1rica, quimioterapia, radioterapia, medicamentos antineopl\u00e1sicos orais definidos no Rol de Procedimentos e Eventos em Sa\u00fade da ANS, vigente \u00e0 \u00e9poca do evento, litotripsias, terapias com imunobiol\u00f3gicos e pulsoterapia e todos os demais procedimentos cobertos pelo seguro, exceto os procedimentos descritos para os grupos de car\u00eancia subsequentes.<\/td>\n<td>180 dias<\/td>\n<td>60 dias<\/td>\n<td>24 horas<\/td>\n<\/tr>\n<tr>\n<td>Grupo 3<\/td>\n<td>Parto a termo.<\/td>\n<td>300 dias<\/td>\n<td>300 dias<\/td>\n<td>300 dias<\/td>\n<\/tr>\n<tr>\n<td>Grupo 4<\/td>\n<td>Transplantes de \u00f3rg\u00e3os e tecidos, todos os procedimentos cir\u00fargicos associados a OPME \/DMI (\u00d3rteses, Pr\u00f3teses, Materiais Especiais\/Dispositivos M\u00e9dicos Implant\u00e1veis), al\u00e9m de interna\u00e7\u00f5es de obesidade m\u00f3rbida, bucomaxilo e ortop\u00e9dicas.<\/td>\n<td>180 dias<\/td>\n<td>180 dias<\/td>\n<td>180 dias<\/td>\n<\/tr>\n<tr>\n<td>Grupo 5<\/td>\n<td>Interna\u00e7\u00f5es psiqui\u00e1tricas incluindo hospital dia, di\u00e1lise peritoneal, hemodi\u00e1lise, cirurgias de refra\u00e7\u00e3o em oftalmologia e acupuntura.<\/td>\n<td>180 dias<\/td>\n<td>180 dias<\/td>\n<td>120 dias<\/td>\n<\/tr>\n<tr>\n<td>Grupo 6<\/td>\n<td>Terapias aqui descritas incluindo as especialidades, t\u00e9cnicas e m\u00e9todos terap\u00eauticos a elas relacionadas, desde que reconhecidos pelo respectivo conselho de classe e constantes no Rol da ANS vigente \u00e0 \u00e9poca do evento: fisioterapia, psicologia, fonoaudiologia, terapia ocupacional e nutri\u00e7\u00e3o.<\/td>\n<td>180 dias<\/td>\n<td>180 dias<\/td>\n<td>180 dias<\/td>\n<\/tr>\n<\/tbody>\n<\/table>\n<p>*Os prazos de car\u00eancia ser\u00e3o contados a partir da data de in\u00edcio de vig\u00eancia do benef\u00edcio.<\/p>\n<p>\u00a0<\/p>\n\n<\/div><\/div>\n<div class=\"accordion-item\"><a href=\"#\" class=\"accordion-title plain\"><button class=\"toggle\"><i class=\"icon-angle-down\"><\/i><\/button><span>Documenta\u00e7\u00e3o para Redu\u00e7\u00e3o de Car\u00eancias<\/span><\/a><div class=\"accordion-inner\">\n\n<p>Atendidas as condi\u00e7\u00f5es para a redu\u00e7\u00e3o de car\u00eancias, deve cada proponente, obrigatoriamente, anexar c\u00f3pia leg\u00edvel dos documentos a seguir, para an\u00e1lise e aprova\u00e7\u00e3o da Operadora:<\/p>\n<p>Para proponentes oriundos de plano de sa\u00fade individuais ou familiares:<br \/>\u2022 a. comprovante de in\u00edcio no plano de sa\u00fade anteriormente contratado (c\u00f3pia do contrato OU cart\u00e3o de identifica\u00e7\u00e3o com data de in\u00edcio no plano de sa\u00fade anterior);<br \/>\u2022 b. c\u00f3pia dos 3 (TR\u00caS) \u00faltimos recibos de pagamentos quitados OU declara\u00e7\u00e3o da operadora cong\u00eanere, em papel timbrado com carimbo de CNPJ, informando a data de in\u00edcio no plano de sa\u00fade, condi\u00e7\u00f5es de pagamento e rela\u00e7\u00e3o dos benefici\u00e1rios (titular e dependentes).<\/p>\n<p>Para proponentes oriundos de planos de sa\u00fade coletivos empresariais ou por ades\u00e3o:<br \/>\u2022 a. declara\u00e7\u00e3o da Pessoa Jur\u00eddica contratante, em papel timbrado com carimbo de CNPJ, informando:<br \/>- operadora contratada;<br \/>- tipo de plano e acomoda\u00e7\u00e3o em interna\u00e7\u00e3o;<br \/>- rela\u00e7\u00e3o de benefici\u00e1rios (titular e dependentes), com as respectivas datas de in\u00edcio e fim da cobertura.<\/p>\n\n<\/div><\/div>\n\n<\/div>\n\n\t\t<\/div>\n\t\t\t<\/div>\n\n\t\n\n<\/div>\n","protected":false},"excerpt":{"rendered":"","protected":false},"author":0,"featured_media":0,"parent":0,"menu_order":0,"comment_status":"closed","ping_status":"closed","template":"page-blank.php","meta":{"footnotes":""},"class_list":["post-1511","page","type-page","status-publish","hentry"],"_links":{"self":[{"href":"https:\/\/jrqseguros.com.br\/sulamerica-seguros\/saude\/wp-json\/wp\/v2\/pages\/1511"}],"collection":[{"href":"https:\/\/jrqseguros.com.br\/sulamerica-seguros\/saude\/wp-json\/wp\/v2\/pages"}],"about":[{"href":"https:\/\/jrqseguros.com.br\/sulamerica-seguros\/saude\/wp-json\/wp\/v2\/types\/page"}],"replies":[{"embeddable":true,"href":"https:\/\/jrqseguros.com.br\/sulamerica-seguros\/saude\/wp-json\/wp\/v2\/comments?post=1511"}],"version-history":[{"count":0,"href":"https:\/\/jrqseguros.com.br\/sulamerica-seguros\/saude\/wp-json\/wp\/v2\/pages\/1511\/revisions"}],"wp:attachment":[{"href":"https:\/\/jrqseguros.com.br\/sulamerica-seguros\/saude\/wp-json\/wp\/v2\/media?parent=1511"}],"curies":[{"name":"wp","href":"https:\/\/api.w.org\/{rel}","templated":true}]}}