{"id":610,"date":"2022-03-23T13:39:33","date_gmt":"2022-03-23T13:39:33","guid":{"rendered":"https:\/\/jrqseguros.com.br\/sulamerica-seguros\/saude\/?page_id=610"},"modified":"2025-04-22T14:53:08","modified_gmt":"2025-04-22T14:53:08","slug":"home","status":"publish","type":"page","link":"https:\/\/jrqseguros.com.br\/sulamerica-seguros\/saude\/","title":{"rendered":"Home"},"content":{"rendered":"<div class=\"slider-wrapper relative\" id=\"slider-1793970339\" >\n    <div class=\"slider slider-nav-circle slider-nav-large slider-nav-light slider-style-normal\"\n        data-flickity-options='{\n            \"cellAlign\": \"center\",\n            \"imagesLoaded\": true,\n            \"lazyLoad\": 1,\n            \"freeScroll\": false,\n            \"wrapAround\": true,\n            \"autoPlay\": 6000,\n            \"pauseAutoPlayOnHover\" : true,\n            \"prevNextButtons\": true,\n            \"contain\" : true,\n            \"adaptiveHeight\" : true,\n            \"dragThreshold\" : 10,\n            \"percentPosition\": true,\n            \"pageDots\": true,\n            \"rightToLeft\": false,\n            \"draggable\": true,\n            \"selectedAttraction\": 0.1,\n            \"parallax\" : 0,\n            \"friction\": 0.6        }'\n        >\n        \n\n  <div class=\"banner has-hover\" id=\"banner-1897619845\">\n          <div class=\"banner-inner fill\">\n        <div class=\"banner-bg fill\" >\n            <div class=\"bg fill bg-fill \"><\/div>\n                                    \n                    <\/div>\n        <div class=\"banner-layers container\">\n            <div class=\"fill banner-link\"><\/div>            \n   <div id=\"text-box-244688208\" class=\"text-box banner-layer hide-for-small x50 md-x5 lg-x5 y85 md-y95 lg-y95 res-text\">\n                                <div class=\"text-box-content text box-shadow-3\">\n              \n              <div class=\"text-inner text-left\">\n                  \n\t<div id=\"text-2878641822\" class=\"text\">\n\t\t\n<h1 class=\"uppercase\"><strong>SULAM\u00e9rica SA\u00daDE<\/strong><\/h1>\n<h2 class=\"mt-2\">Os melhores planos de sa\u00fade para voc\u00ea, sua fam\u00edlia ou empresa.<\/h2>\n\t\t\n<style>\n#text-2878641822 {\n  color: #0b2e70;\n}\n#text-2878641822 > * {\n  color: #0b2e70;\n}\n<\/style>\n\t<\/div>\n\t\n<a href=\"#planos\" target=\"_self\" class=\"button primary is-xlarge\"  style=\"border-radius:99px;\">\n    <span>SAIBA MAIS<\/span>\n  <\/a>\n\n<a href=\"#orcamento\" target=\"_self\" class=\"button secondary is-xlarge\"  style=\"border-radius:99px;\">\n    <span>Simule j\u00e1!<\/span>\n  <\/a>\n\n              <\/div>\n           <\/div>\n                            \n<style>\n#text-box-244688208 .text-box-content {\n  background-color: rgba(255, 255, 255, 0.849);\n  font-size: 54%;\n}\n#text-box-244688208 .text-inner {\n  padding: 30px 30px 30px 30px;\n}\n#text-box-244688208 {\n  width: 100%;\n}\n@media (min-width:550px) {\n  #text-box-244688208 {\n    width: 39%;\n  }\n}\n<\/style>\n    <\/div>\n \n   <div id=\"text-box-450180484\" class=\"text-box banner-layer x50 md-x95 lg-x95 y10 md-y50 lg-y50 res-text\">\n                                <div class=\"text-box-content text dark\">\n              \n              <div class=\"text-inner text-center\">\n                  \n\t<div id=\"text-1571392579\" class=\"text hide-for-small\">\n\t\t\n<p><!-- hide for mobile --><\/p>\n<p><iframe src=\"https:\/\/jrqseguros.com.br\/form-sulamerica-saude\/\" width=\"100%\" frameborder=\"0\" scrolling=\"no\" height=540px><\/iframe><\/p>\n<p><!-- hide for mobile --><br \/>\n\t\t\t<\/div>\n\t\n\t<div id=\"text-3301548880\" class=\"text show-for-small\">\n\t\t\n<p><!-- only for mobile --><\/p>\n<p><iframe src=\"https:\/\/jrqseguros.com.br\/form-sulamerica-saude\/\" width=\"100%\" frameborder=\"0\" scrolling=\"no\" height=700px><\/iframe><\/p>\n<p><!-- only for mobile --><br \/>\n\t\t\t<\/div>\n\t\n              <\/div>\n           <\/div>\n                            \n<style>\n#text-box-450180484 {\n  width: 100%;\n}\n#text-box-450180484 .text-box-content {\n  font-size: 100%;\n}\n@media (min-width:550px) {\n  #text-box-450180484 {\n    width: 38%;\n  }\n}\n<\/style>\n    <\/div>\n \n        <\/div>\n      <\/div>\n\n            \n<style>\n#banner-1897619845 {\n  padding-top: 707px;\n  background-color: rgb(255, 255, 255);\n}\n#banner-1897619845 .bg.bg-loaded {\n  background-image: url(https:\/\/jrqseguros.com.br\/sulamerica-seguros\/saude\/wp-content\/uploads\/2023\/11\/sulamericasaude-1024x440.png);\n}\n@media (min-width:550px) {\n  #banner-1897619845 {\n    padding-top: 575px;\n  }\n}\n<\/style>\n  <\/div>\n\n\n     <\/div>\n\n     <div class=\"loading-spin dark large centered\"><\/div>\n\n     \t<\/div>\n\n\n<span class=\"scroll-to\" data-label=\"Scroll to: #planos\" data-bullet=\"false\" data-link=\"#planos\" data-title=\"planos\"><a name=\"planos\"><\/a><\/span>\n\t<section class=\"section\" id=\"section_1154255621\">\n\t\t<div class=\"bg section-bg fill bg-fill  bg-loaded\" >\n\n\t\t\t\n\t\t\t<div class=\"section-bg-overlay absolute fill\"><\/div>\n\t\t\t\n\n\t\t<\/div>\n\n\t\t<div class=\"section-content relative\">\n\t\t\t\n<div class=\"row align-middle\"  id=\"row-719805043\">\n\n\t<div id=\"col-1532288128\" class=\"col medium-8 small-12 large-8\"  >\n\t\t<div class=\"col-inner\"  >\n\t\t\t\n\t\t\t\n\t<div id=\"text-3468166899\" class=\"text\">\n\t\t\n<h2><strong>Sobre a SulAm\u00e9rica Sa\u00fade<\/strong><\/h2>\n\t\t\n<style>\n#text-3468166899 {\n  color: #0b2e70;\n}\n#text-3468166899 > * {\n  color: #0b2e70;\n}\n<\/style>\n\t<\/div>\n\t\n<p>A SulAm\u00e9rica Sa\u00fade \u00e9 atualmente uma das melhores op\u00e7\u00f5es em custo x benef\u00edcio para seu plano de Sa\u00fade, com amplo atendimento em todo territ\u00f3rio nacional possui amplo atendimento e cobertura nos melhores e principais hospitais do Brasil.<\/p>\n<ul>\n<li><strong>Sa\u00fade PME Empresarial a partir de 3 vidas: <\/strong>O SulAm\u00e9rica Sa\u00fade \u00e9 o seguro ideal para voc\u00ea e seus colaboradores, feito sob medida para atender as necessidades de toda sua equipe. Afinal, sa\u00fade \u00e9 a base de tudo, inclusive do seu neg\u00f3cio.<\/li>\n<li><strong>Sa\u00fade Coletivo por Ades\u00e3o (para Profissionais liberais): <\/strong>O SulAm\u00e9rica Sa\u00fade \u00e9 o seguro ideal para voc\u00ea e seus fam\u00edliares. Os produtos s\u00e3o administrados pela QUALICORP, a maior administradora de planos de sa\u00fade do Brasil, vinculados a entidades de classe.<\/li>\n<\/ul>\n\t\t<\/div>\n\t\t\t<\/div>\n\n\t\n\n\t<div id=\"col-105452045\" class=\"col medium-4 small-12 large-4\"  >\n\t\t<div class=\"col-inner\"  >\n\t\t\t\n\t\t\t\n\n  <div class=\"banner has-hover\" id=\"banner-261352039\">\n          <div class=\"banner-inner fill\">\n        <div class=\"banner-bg fill\" >\n            <div class=\"bg fill bg-fill \"><\/div>\n                                    \n                    <\/div>\n        <div class=\"banner-layers container\">\n            <div class=\"fill banner-link\"><\/div>            \n   <div id=\"text-box-1982583538\" class=\"text-box banner-layer x50 md-x50 lg-x50 y50 md-y50 lg-y50 res-text\">\n                                <div class=\"text-box-content text dark\">\n              \n              <div class=\"text-inner text-center\">\n                  \n              <\/div>\n           <\/div>\n                            \n<style>\n#text-box-1982583538 {\n  width: 60%;\n}\n#text-box-1982583538 .text-box-content {\n  font-size: 100%;\n}\n<\/style>\n    <\/div>\n \n        <\/div>\n      <\/div>\n\n            \n<style>\n#banner-261352039 {\n  padding-top: 380px;\n}\n#banner-261352039 .bg.bg-loaded {\n  background-image: url(https:\/\/jrqseguros.com.br\/sulamerica-seguros\/saude\/wp-content\/uploads\/2023\/09\/banner_sulamerica-1024x373.webp);\n}\n<\/style>\n  <\/div>\n\n\n\t\t<\/div>\n\t\t\t<\/div>\n\n\t\n<\/div>\n\t\t<\/div>\n\n\t\t\n<style>\n#section_1154255621 {\n  padding-top: 55px;\n  padding-bottom: 55px;\n}\n#section_1154255621 .section-bg-overlay {\n  background-color: rgba(255, 255, 255, 0.5);\n}\n<\/style>\n\t<\/section>\n\t\n","protected":false},"excerpt":{"rendered":"","protected":false},"author":1,"featured_media":0,"parent":0,"menu_order":0,"comment_status":"closed","ping_status":"closed","template":"page-blank.php","meta":{"footnotes":""},"class_list":["post-610","page","type-page","status-publish","hentry"],"_links":{"self":[{"href":"https:\/\/jrqseguros.com.br\/sulamerica-seguros\/saude\/wp-json\/wp\/v2\/pages\/610"}],"collection":[{"href":"https:\/\/jrqseguros.com.br\/sulamerica-seguros\/saude\/wp-json\/wp\/v2\/pages"}],"about":[{"href":"https:\/\/jrqseguros.com.br\/sulamerica-seguros\/saude\/wp-json\/wp\/v2\/types\/page"}],"author":[{"embeddable":true,"href":"https:\/\/jrqseguros.com.br\/sulamerica-seguros\/saude\/wp-json\/wp\/v2\/users\/1"}],"replies":[{"embeddable":true,"href":"https:\/\/jrqseguros.com.br\/sulamerica-seguros\/saude\/wp-json\/wp\/v2\/comments?post=610"}],"version-history":[{"count":22,"href":"https:\/\/jrqseguros.com.br\/sulamerica-seguros\/saude\/wp-json\/wp\/v2\/pages\/610\/revisions"}],"predecessor-version":[{"id":1569,"href":"https:\/\/jrqseguros.com.br\/sulamerica-seguros\/saude\/wp-json\/wp\/v2\/pages\/610\/revisions\/1569"}],"wp:attachment":[{"href":"https:\/\/jrqseguros.com.br\/sulamerica-seguros\/saude\/wp-json\/wp\/v2\/media?parent=610"}],"curies":[{"name":"wp","href":"https:\/\/api.w.org\/{rel}","templated":true}]}}