{"id":18143,"date":"2020-12-17T11:31:39","date_gmt":"2020-12-17T13:31:39","guid":{"rendered":"https:\/\/jrqseguros.com.br\/sulamerica-seguros\/viagem\/iati\/"},"modified":"2020-12-17T11:31:39","modified_gmt":"2020-12-17T13:31:39","slug":"iati","status":"publish","type":"page","link":"https:\/\/jrqseguros.com.br\/sulamerica-seguros\/viagem\/iati\/","title":{"rendered":"Iati"},"content":{"rendered":"<div id=\"page-header-1199737272\" class=\"page-header-wrapper has-block tooltipstered\">\n<div class=\"page-title dark featured-title\">\n<div class=\"page-title-inner container align-bottom flex-row medium-flex-wrap\">\n<div class=\"title-wrapper uppercase flex-col text-left medium-text-center\">\n<h1 class=\"entry-title mb-0\">Seguro Viagem SulAm\u00e9rica | Iati<\/h1>\n<\/p>\n<\/div>\n<div class=\"title-content flex-col flex-right text-right medium-text-center\"><\/div>\n<\/p>\n<\/div>\n<style>\n#page-header-1199737272 .page-title-inner {min-height: 115px;\n}\n#page-header-1199737272 {margin-bottom: 30px;\n}\n<\/style>\n<\/p>\n<\/div>\n<\/div>\n\t<section class=\"section\" id=\"section_2106735264\">\n\t\t<div class=\"bg section-bg fill bg-fill  bg-loaded\" >\n\n\t\t\t\n\t\t\t\n\t\t\t\n\n\t\t<\/div>\n\n\t\t<div class=\"section-content relative\">\n\t\t\t\n\n<div class=\"row\"  id=\"row-1421601595\">\n\n\n\t<div id=\"col-2039555835\" class=\"col medium-7 small-12 large-7\"  >\n\t\t<div class=\"col-inner\"  >\n\t\t\t\n\t\t\t\n\n<p>Com o <strong>SulAm\u00e9rica Viagem Iati<\/strong> voc\u00ea poder\u00e1 realizar sua viagem de Lazer ou Neg\u00f3cios despreocupado, possu\u00edmos as melhores tarifas e cobertura. Viagens Internacionais e Nacionais com a coberturas ideais.<\/p>\n<p><strong>Nacionais:<\/strong> Viagens com cobertura em todo territ\u00f3rio nacional, valores contratados em reais.<\/p>\n<p><strong>Internacionais:<\/strong> Viagens com destinos para Europa, Am\u00e9rica Latina, Am\u00e9rica Central, Am\u00e9rica do Norte e Oceania. As viagens para Europa ser\u00e3o discriminados em Euros, as demais localidades em D\u00f3lares Americanos.<\/p>\n<div class=\"accordion\" rel=\"1\">\n\n<div class=\"accordion-item\"><a href=\"#\" class=\"accordion-title plain\"><button class=\"toggle\"><i class=\"icon-angle-down\"><\/i><\/button><span>Europa<\/span><\/a><div class=\"accordion-inner\">\n\n<p>Indicado para clientes com destino para Europa. Os valores dos capitais segurados ser\u00e3o sempre discriminados em Euros.<\/p>\n<p>\u2022 O Tratado de Schengen \u00e9 um acordo assinado por alguns pa\u00edses da Europa que promovem a livre circula\u00e7\u00e3o de pessoas nos pa\u00edses signat\u00e1rios. Em outras palavras, o Acordo de Schengen, como tamb\u00e9m \u00e9 conhecido, faz com que a apresenta\u00e7\u00e3o do passaporte nas fronteiras desses pa\u00edses n\u00e3o seja obrigat\u00f3ria. <\/p>\n<p>\u2022 Outro fator importante, que o Tratado de Schengen estabelece \u00e9 a obrigatoriedade da contrata\u00e7\u00e3o de um Seguro Viagem para turistas, com o valor m\u00ednimo de 30.000 euros para garantir assist\u00eancia m\u00e9dica em caso de doen\u00e7a ou acidente. <\/p>\n<p>\u2022 Atualmente, o \u00fanico pa\u00eds membro da Uni\u00e3o Europeia que n\u00e3o faz parte do Tratado de Schengen \u00e9 a Irlanda. Os signat\u00e1rios s\u00e3o: Alemanha, \u00c1ustria, B\u00e9lgica, Dinamarca, Eslov\u00e1quia, Eslov\u00eania, Espanha, Est\u00f4nia, Finl\u00e2ndia, Fran\u00e7a, Gr\u00e9cia, Holanda, Hungria, Isl\u00e2ndia, It\u00e1lia, Let\u00f4nia, Litu\u00e2nia, Luxemburgo, Malta, Noruega, Pol\u00f4nia, Portugal, Rep\u00fablica Tcheca, Su\u00e9cia e Su\u00ed\u00e7a. Quatro novos integrantes permanecem em fase de implementa\u00e7\u00e3o: Liechtenstein, Bulg\u00e1ria, Rom\u00eania e Chipre.<\/p>\n\n<\/div><\/div>\n<div class=\"accordion-item\"><a href=\"#\" class=\"accordion-title plain\"><button class=\"toggle\"><i class=\"icon-angle-down\"><\/i><\/button><span>Mundo<\/span><\/a><div class=\"accordion-inner\">\n\n<p>Indicado para clientes com destino para Am\u00e9rica do Norte, Am\u00e9rica Central, \u00c1sia, \u00c1frica e Oceania. Os valores dos capitais segurados ser\u00e3o sempre discriminados em D\u00f3lares Americanos.<\/p>\n\n<\/div><\/div>\n<div class=\"accordion-item\"><a href=\"#\" class=\"accordion-title plain\"><button class=\"toggle\"><i class=\"icon-angle-down\"><\/i><\/button><span>America Latina<\/span><\/a><div class=\"accordion-inner\">\n\n<p>Indicado para clientes com destino para Am\u00e9rica Latina. Os valores dos capitais segurados ser\u00e3o sempre discriminados em D\u00f3lares Americanos.<\/p>\n\n<\/div><\/div>\n<div class=\"accordion-item\"><a href=\"#\" class=\"accordion-title plain\"><button class=\"toggle\"><i class=\"icon-angle-down\"><\/i><\/button><span>Brasil<\/span><\/a><div class=\"accordion-inner\">\n\n<p>Indicado para clientes com destino para o Brasil (viagens nacionais). Os valores dos capitais segurados ser\u00e3o sempre discriminados em Reais.<\/p>\n\n<\/div><\/div>\n<div class=\"accordion-item\"><a href=\"#\" class=\"accordion-title plain\"><button class=\"toggle\"><i class=\"icon-angle-down\"><\/i><\/button><span>Estudante<\/span><\/a><div class=\"accordion-inner\">\n\n<p>Indicado para estudantes para viagens de interc\u00e2mbio para qualquer parte do globo.<\/p>\n\n<\/div><\/div>\n\n<\/div>\n\n\t\t<\/div>\n\t\t\t<\/div>\n\n\t\n\n\t<div id=\"col-39926796\" class=\"col medium-5 small-12 large-5\"  >\n\t\t<div class=\"col-inner\"  >\n\t\t\t\n\t\t\t\n\n\t<div class=\"img has-hover x md-x lg-x y md-y lg-y\" id=\"image_436328970\">\n\t\t<a class=\"\" href=\"https:\/\/jrqseguros.com.br\/sulamerica-seguros\/contratar-seguro-viagem-sulamerica-online\/\"  >\t\t\t\t\t\t<div class=\"img-inner dark\" >\n\t\t\t<img loading=\"lazy\" decoding=\"async\" width=\"600\" height=\"700\" src=\"https:\/\/jrqseguros.com.br\/sulamerica-seguros\/wp-content\/uploads\/2022\/11\/c86f3d96-e4ce-4efb-addc-ae03a8c4a0d4.jpg\" class=\"attachment-large size-large\" alt=\"\" srcset=\"https:\/\/jrqseguros.com.br\/sulamerica-seguros\/wp-content\/uploads\/2022\/11\/c86f3d96-e4ce-4efb-addc-ae03a8c4a0d4.jpg 600w, https:\/\/jrqseguros.com.br\/sulamerica-seguros\/wp-content\/uploads\/2022\/11\/c86f3d96-e4ce-4efb-addc-ae03a8c4a0d4-257x300.jpg 257w\" sizes=\"(max-width: 600px) 100vw, 600px\" \/>\t\t\t\t\t\t\n\t\t\t\t\t<\/div>\n\t\t\t\t\t\t<\/a>\t\t\n<style>\n#image_436328970 {\n  width: 100%;\n}\n<\/style>\n\t<\/div>\n\t\n\n<div class=\"row row-collapse hide-for-small\"  id=\"row-1229311989\">\r\n\r\n\n\t<div id=\"col-644393979\" class=\"col small-12 large-12\"  >\n\t\t<div class=\"col-inner\"  >\n\t\t\t\n\t\t\t\r\n\r\n\t<div id=\"text-3150175680\" class=\"text\">\n\t\t\r\n\r\n<h2>SIMULE E CONTRATE ONLINE<\/H2>\r\n\t\t\n<style>\n#text-3150175680 {\n  text-align: center;\n  color: rgb(11, 46, 112);\n}\n#text-3150175680 > * {\n  color: rgb(11, 46, 112);\n}\n<\/style>\n\t<\/div>\n\t\r\n\n  <div class=\"banner has-hover\" id=\"banner-129685954\">\n          <div class=\"banner-inner fill\">\n        <div class=\"banner-bg fill\" >\n            <div class=\"bg fill bg-fill \"><\/div>\n                        <div class=\"overlay\"><\/div>            \n                    <\/div>\n        <div class=\"banner-layers container\">\n            <div class=\"fill banner-link\"><\/div>            \r\n\r\n   <div id=\"text-box-1676913962\" class=\"text-box banner-layer x50 md-x50 lg-x50 y50 md-y50 lg-y50 res-text\">\n                                <div class=\"text-box-content text dark\">\n              \n              <div class=\"text-inner text-center\">\n                  \r\n\r\n<h3 class=\"uppercase\"><strong>SEGURO VIAGEM<\/strong><\/h3>\r\n<a href=\"https:\/\/jrqseguros.com.br\/sulamerica-seguros\/contratar-seguro-viagem-sulamerica-online\/\" target=\"_self\" class=\"button secondary is-larger\"  >\n    <span>CLIQUE AQUI<\/span>\n  <\/a>\n\r\n\r\n\r\n              <\/div>\n           <\/div>\n                            \n<style>\n#text-box-1676913962 {\n  width: 60%;\n}\n#text-box-1676913962 .text-box-content {\n  font-size: 100%;\n}\n<\/style>\n    <\/div>\n \r\n\r\n        <\/div>\n      <\/div>\n\n            \n<style>\n#banner-129685954 {\n  padding-top: 108px;\n}\n#banner-129685954 .bg.bg-loaded {\n  background-image: url(https:\/\/jrqseguros.com.br\/sulamerica-seguros\/wp-content\/uploads\/2020\/08\/SEGURO-VIAGEM-SULAMERICA-1024x640.jpg);\n}\n#banner-129685954 .overlay {\n  background-color: rgba(11, 46, 112, 0.669);\n}\n#banner-129685954 .bg {\n  background-position: 39% 45%;\n}\n<\/style>\n  <\/div>\n\n\r\n\n  <div class=\"banner has-hover\" id=\"banner-1846450622\">\n          <div class=\"banner-inner fill\">\n        <div class=\"banner-bg fill\" >\n            <div class=\"bg fill bg-fill \"><\/div>\n                        <div class=\"overlay\"><\/div>            \n                    <\/div>\n        <div class=\"banner-layers container\">\n            <div class=\"fill banner-link\"><\/div>            \r\n\r\n   <div id=\"text-box-1374899146\" class=\"text-box banner-layer x50 md-x50 lg-x50 y50 md-y50 lg-y50 res-text\">\n                                <div class=\"text-box-content text dark\">\n              \n              <div class=\"text-inner text-center\">\n                  \r\n\r\n<h3 class=\"uppercase\"><strong>PLANO DENTAL<\/strong><\/h3>\r\n<a href=\"https:\/\/jrqseguros.com.br\/sulamerica-seguros\/contratar-plano-sulamerica-odonto\/\" target=\"_self\" class=\"button secondary is-larger\"  >\n    <span>CLIQUE AQUI<\/span>\n  <\/a>\n\r\n\r\n\r\n              <\/div>\n           <\/div>\n                            \n<style>\n#text-box-1374899146 {\n  width: 60%;\n}\n#text-box-1374899146 .text-box-content {\n  font-size: 100%;\n}\n<\/style>\n    <\/div>\n \r\n\r\n        <\/div>\n      <\/div>\n\n            \n<style>\n#banner-1846450622 {\n  padding-top: 108px;\n}\n#banner-1846450622 .bg.bg-loaded {\n  background-image: url(https:\/\/jrqseguros.com.br\/sulamerica-seguros\/wp-content\/uploads\/2021\/10\/original_Appointment.jpg);\n}\n#banner-1846450622 .overlay {\n  background-color: rgba(11, 46, 112, 0.669);\n}\n#banner-1846450622 .bg {\n  background-position: 7% 38%;\n}\n<\/style>\n  <\/div>\n\n\r\n\n  <div class=\"banner has-hover\" id=\"banner-1696491045\">\n          <div class=\"banner-inner fill\">\n        <div class=\"banner-bg fill\" >\n            <div class=\"bg fill bg-fill \"><\/div>\n                        <div class=\"overlay\"><\/div>            \n                    <\/div>\n        <div class=\"banner-layers container\">\n            <div class=\"fill banner-link\"><\/div>            \r\n\r\n   <div id=\"text-box-1522627565\" class=\"text-box banner-layer x50 md-x50 lg-x50 y50 md-y50 lg-y50 res-text\">\n                                <div class=\"text-box-content text dark\">\n              \n              <div class=\"text-inner text-center\">\n                  \r\n\r\n<h3 class=\"uppercase\"><strong>SEGURO DE VIDA<\/strong><\/h3>\r\n<a rel=\"noopener noreferrer\" href=\"https:\/\/portal.sulamericaseguros.com.br\/seguroviagem?idLink=C21118T\" target=\"_blank\" class=\"button secondary is-larger\"  >\n    <span>CLIQUE AQUI<\/span>\n  <\/a>\n\r\n\r\n\r\n              <\/div>\n           <\/div>\n                            \n<style>\n#text-box-1522627565 {\n  width: 60%;\n}\n#text-box-1522627565 .text-box-content {\n  font-size: 100%;\n}\n<\/style>\n    <\/div>\n \r\n\r\n        <\/div>\n      <\/div>\n\n            \n<style>\n#banner-1696491045 {\n  padding-top: 108px;\n}\n#banner-1696491045 .bg.bg-loaded {\n  background-image: url(https:\/\/jrqseguros.com.br\/sulamerica-seguros\/wp-content\/uploads\/2020\/08\/SEGURO-DE-VIDA-SULAMERICA-1024x420.jpg);\n}\n#banner-1696491045 .overlay {\n  background-color: rgba(11, 46, 112, 0.669);\n}\n#banner-1696491045 .bg {\n  background-position: 7% 31%;\n}\n<\/style>\n  <\/div>\n\n\r\n\r\n\t\t<\/div>\n\t\t\t<\/div>\n\n\t\r\n\r\n<\/div>\n\n\n\t\t<\/div>\n\t\t\t<\/div>\n\n\t\n\n<\/div>\n\n\t\t<\/div>\n\n\t\t\n<style>\n#section_2106735264 {\n  padding-top: 30px;\n  padding-bottom: 30px;\n}\n<\/style>\n\t<\/section>\n\t\n\t<section class=\"section dark\" id=\"section_1943263426\">\n\t\t<div class=\"bg section-bg fill bg-fill  bg-loaded\" >\n\n\t\t\t\n\t\t\t<div class=\"section-bg-overlay absolute fill\"><\/div>\n\t\t\t\n\n\t\t<\/div>\n\n\t\t<div class=\"section-content relative\">\n\t\t\t\n\n<div class=\"row align-center\"  id=\"row-797513932\">\n\n\n\t<div id=\"col-727291999\" class=\"col medium-6 small-12 large-6\"  >\n\t\t<div class=\"col-inner text-center\"  >\n\t\t\t\n\t\t\t\n\n<h2 style=\"text-align: center;\"><a href=\"https:\/\/valorplanodental.com.br\/sulamerica-odontol\/iati\"><strong>Valor Plano SulAm\u00e9rica Odonto Iati<\/strong><\/a><\/h2>\n\t<div id=\"text-179314424\" class=\"text\">\n\t\t\n\n<p>Confira mais informa\u00e7\u00f5es sobre os planos odontol\u00f3gicos da SulAm\u00e9rica Dental em Iati.<\/p>\n\t\t\n<style>\n#text-179314424 {\n  text-align: center;\n  color: rgb(255, 255, 255);\n}\n#text-179314424 > * {\n  color: rgb(255, 255, 255);\n}\n<\/style>\n\t<\/div>\n\t\n<p><a href=\"https:\/\/valorplanodental.com.br\/sulamerica-odonto\/iati\" target=\"_self\" class=\"button white is-outline\" rel=\"noopener noreferrer\"><span>SULAM\u00c9RICA ODONTO Iati<\/span><br \/><\/a><\/p>\n\n\t\t<\/div>\n\t\t\t<\/div>\n\n\t\n\n<\/div>\n\n\t\t<\/div>\n\n\t\t\n<style>\n#section_1943263426 {\n  padding-top: 30px;\n  padding-bottom: 30px;\n  background-color: rgb(40, 40, 40);\n}\n#section_1943263426 .section-bg-overlay {\n  background-color: #0b2e70;\n}\n<\/style>\n\t<\/section>\n\t\n","protected":false},"excerpt":{"rendered":"","protected":false},"author":0,"featured_media":0,"parent":16,"menu_order":0,"comment_status":"closed","ping_status":"closed","template":"page-blank.php","meta":{"footnotes":""},"class_list":["post-18143","page","type-page","status-publish","hentry"],"_links":{"self":[{"href":"https:\/\/jrqseguros.com.br\/sulamerica-seguros\/wp-json\/wp\/v2\/pages\/18143"}],"collection":[{"href":"https:\/\/jrqseguros.com.br\/sulamerica-seguros\/wp-json\/wp\/v2\/pages"}],"about":[{"href":"https:\/\/jrqseguros.com.br\/sulamerica-seguros\/wp-json\/wp\/v2\/types\/page"}],"replies":[{"embeddable":true,"href":"https:\/\/jrqseguros.com.br\/sulamerica-seguros\/wp-json\/wp\/v2\/comments?post=18143"}],"version-history":[{"count":0,"href":"https:\/\/jrqseguros.com.br\/sulamerica-seguros\/wp-json\/wp\/v2\/pages\/18143\/revisions"}],"up":[{"embeddable":true,"href":"https:\/\/jrqseguros.com.br\/sulamerica-seguros\/wp-json\/wp\/v2\/pages\/16"}],"wp:attachment":[{"href":"https:\/\/jrqseguros.com.br\/sulamerica-seguros\/wp-json\/wp\/v2\/media?parent=18143"}],"curies":[{"name":"wp","href":"https:\/\/api.w.org\/{rel}","templated":true}]}}